{"id":2357,"date":"2023-09-06T14:46:42","date_gmt":"2023-09-06T20:46:42","guid":{"rendered":"https:\/\/congresocopan.iht.hn\/?page_id=2357"},"modified":"2023-10-18T10:19:26","modified_gmt":"2023-10-18T16:19:26","slug":"julio-cesar-alvarado-hernandez","status":"publish","type":"page","link":"https:\/\/congresocopan.iht.hn\/english\/julio-cesar-alvarado-hernandez\/","title":{"rendered":"Julio C\u00e9sar Alvarado Hern\u00e1ndez"},"content":{"rendered":"<div data-elementor-type=\"wp-page\" data-elementor-id=\"2357\" class=\"elementor elementor-2357\" data-elementor-settings=\"{&quot;ha_cmc_init_switcher&quot;:&quot;no&quot;}\" data-elementor-post-type=\"page\">\n\t\t\t\t\t\t<section class=\"elementor-section elementor-top-section elementor-element elementor-element-4db30f2 elementor-section-boxed elementor-section-height-default elementor-section-height-default\" data-id=\"4db30f2\" data-element_type=\"section\" data-settings=\"{&quot;_ha_eqh_enable&quot;:false}\">\n\t\t\t\t\t\t<div class=\"elementor-container elementor-column-gap-default\">\n\t\t\t\t\t<div class=\"elementor-column elementor-col-100 elementor-top-column elementor-element elementor-element-c56c146\" data-id=\"c56c146\" data-element_type=\"column\">\n\t\t\t<div class=\"elementor-widget-wrap elementor-element-populated\">\n\t\t\t\t\t\t<div class=\"elementor-element elementor-element-7ae6456 elementor-invisible elementor-widget elementor-widget-image\" data-id=\"7ae6456\" data-element_type=\"widget\" data-settings=\"{&quot;_animation&quot;:&quot;fadeInDown&quot;}\" data-widget_type=\"image.default\">\n\t\t\t\t<div class=\"elementor-widget-container\">\n\t\t\t\t\t\t\t\t\t\t\t\t\t\t\t<img fetchpriority=\"high\" decoding=\"async\" width=\"530\" height=\"529\" src=\"https:\/\/congresocopan.iht.hn\/wp-content\/uploads\/2023\/09\/Julio-Cesar-Alvarado.jpg\" class=\"attachment-large size-large wp-image-2311\" alt=\"\" srcset=\"https:\/\/congresocopan.iht.hn\/wp-content\/uploads\/2023\/09\/Julio-Cesar-Alvarado.jpg 530w, https:\/\/congresocopan.iht.hn\/wp-content\/uploads\/2023\/09\/Julio-Cesar-Alvarado-300x300.jpg 300w, https:\/\/congresocopan.iht.hn\/wp-content\/uploads\/2023\/09\/Julio-Cesar-Alvarado-150x150.jpg 150w\" sizes=\"(max-width: 530px) 100vw, 530px\" \/>\t\t\t\t\t\t\t\t\t\t\t\t\t\t\t<\/div>\n\t\t\t\t<\/div>\n\t\t\t\t\t<\/div>\n\t\t<\/div>\n\t\t\t\t\t<\/div>\n\t\t<\/section>\n\t\t\t\t<section class=\"elementor-section elementor-top-section elementor-element elementor-element-c05ac7d elementor-section-boxed elementor-section-height-default elementor-section-height-default\" data-id=\"c05ac7d\" data-element_type=\"section\" data-settings=\"{&quot;_ha_eqh_enable&quot;:false}\">\n\t\t\t\t\t\t<div class=\"elementor-container elementor-column-gap-default\">\n\t\t\t\t\t<div class=\"elementor-column elementor-col-100 elementor-top-column elementor-element elementor-element-9f12c76\" data-id=\"9f12c76\" data-element_type=\"column\">\n\t\t\t<div class=\"elementor-widget-wrap elementor-element-populated\">\n\t\t\t\t\t\t<div class=\"elementor-element elementor-element-faf6c9e elementor-widget elementor-widget-text-editor\" data-id=\"faf6c9e\" data-element_type=\"widget\" data-widget_type=\"text-editor.default\">\n\t\t\t\t<div class=\"elementor-widget-container\">\n\t\t\t\t\t\t\t\t\t<h3><strong>Perfil biogr<\/strong><strong>\u00e1<\/strong><strong>fico <\/strong><\/h3><p>Arque\u00f3logo por la Universidad Tecnol\u00f3gica de El Salvador y maestro en Estudios Mesoamericanos por la Universidad Nacional Aut\u00f3noma de M\u00e9xico. Sus intereses acad\u00e9micos giran en torno a las industrias l\u00edticas de la Mesoam\u00e9rica prehisp\u00e1nica, con especial \u00e9nfasis en la obsidiana; y, los primeros pobladores del \u00e1rea centroamericana. Asimismo, ha incursionado en la aplicaci\u00f3n de diversas tecnolog\u00edas a la investigaci\u00f3n arqueol\u00f3gica en general. Posee varios art\u00edculos publicados como primer autor y en coautor\u00eda, en pa\u00edses como Estados Unidos, Guatemala, El Salvador y Ecuador.<\/p><p>Ha participado y dirigido proyectos en sitios como Tazumal, Casa Blanca, Nuevo Lourdes Poniente, San Luis, Ciudad Vieja y Gruta del Esp\u00edritu Santo, en El Salvador. Actualmente dirige la Unidad de Evaluaci\u00f3n e Investigaciones Arqueol\u00f3gicas de la Direcci\u00f3n de Arqueolog\u00eda del Ministerio de Cultura de El Salvador.<\/p>\t\t\t\t\t\t\t\t<\/div>\n\t\t\t\t<\/div>\n\t\t\t\t<div class=\"elementor-element elementor-element-a31cd3e elementor-widget-divider--view-line elementor-widget elementor-widget-divider\" data-id=\"a31cd3e\" data-element_type=\"widget\" data-widget_type=\"divider.default\">\n\t\t\t\t<div class=\"elementor-widget-container\">\n\t\t\t\t\t\t\t<div class=\"elementor-divider\">\n\t\t\t<span class=\"elementor-divider-separator\">\n\t\t\t\t\t\t<\/span>\n\t\t<\/div>\n\t\t\t\t\t\t<\/div>\n\t\t\t\t<\/div>\n\t\t\t\t<div class=\"elementor-element elementor-element-372b69e elementor-widget elementor-widget-text-editor\" data-id=\"372b69e\" data-element_type=\"widget\" data-widget_type=\"text-editor.default\">\n\t\t\t\t<div class=\"elementor-widget-container\">\n\t\t\t\t\t\t\t\t\t<h3>Aptitudes<\/h3><table width=\"645\"><tbody><tr><td width=\"333\"><p>\u00b7\u00a0\u00a0\u00a0\u00a0\u00a0\u00a0\u00a0\u00a0 Planificaci\u00f3n y ejecuci\u00f3n de investigaciones arqueol\u00f3gicas e interdisciplinarias<\/p><p>\u00b7\u00a0\u00a0\u00a0\u00a0\u00a0\u00a0\u00a0\u00a0 Supervisi\u00f3n de investigaciones ejecutadas por investigadores for\u00e1neos<\/p><\/td><td width=\"312\"><p>\u00b7\u00a0\u00a0\u00a0\u00a0\u00a0\u00a0\u00a0\u00a0 Docencia universitaria<\/p><p>\u00b7\u00a0\u00a0\u00a0\u00a0\u00a0\u00a0\u00a0\u00a0 Asesor\u00eda de tesis de grado<\/p><p>\u00b7\u00a0\u00a0\u00a0\u00a0\u00a0\u00a0\u00a0\u00a0 Sinodal en tesis de grado<\/p><p>\u00b7\u00a0\u00a0\u00a0\u00a0\u00a0\u00a0\u00a0\u00a0 Autor y coautor de art\u00edculos cient\u00edficos a nivel nacional e internacional<\/p><\/td><\/tr><\/tbody><\/table>\t\t\t\t\t\t\t\t<\/div>\n\t\t\t\t<\/div>\n\t\t\t\t<div class=\"elementor-element elementor-element-c70b133 elementor-widget-divider--view-line elementor-widget elementor-widget-divider\" data-id=\"c70b133\" data-element_type=\"widget\" data-widget_type=\"divider.default\">\n\t\t\t\t<div class=\"elementor-widget-container\">\n\t\t\t\t\t\t\t<div class=\"elementor-divider\">\n\t\t\t<span class=\"elementor-divider-separator\">\n\t\t\t\t\t\t<\/span>\n\t\t<\/div>\n\t\t\t\t\t\t<\/div>\n\t\t\t\t<\/div>\n\t\t\t\t<div class=\"elementor-element elementor-element-6785d28 elementor-widget elementor-widget-text-editor\" data-id=\"6785d28\" data-element_type=\"widget\" data-widget_type=\"text-editor.default\">\n\t\t\t\t<div class=\"elementor-widget-container\">\n\t\t\t\t\t\t\t\t\t<h3><strong>Experiencia<\/strong><\/h3><p>2016 &#8211; ACTUALIDAD<\/p><h3>\u00a0Jefe de Unidad \/ Ministerio de Cultura de El Salvador<\/h3><p>Coordinar y dirigir investigaciones arqueol\u00f3gicas e interdisciplinarias desde la jefatura de la Unidad de Evaluaci\u00f3n e Investigaciones Arqueol\u00f3gicas de la Direcci\u00f3n de Arqueolog\u00eda, incluye la redacci\u00f3n de informes, memorias de labores, presentaci\u00f3n de ponencias, publicaci\u00f3n de art\u00edculos.<\/p>\t\t\t\t\t\t\t\t<\/div>\n\t\t\t\t<\/div>\n\t\t\t\t<div class=\"elementor-element elementor-element-1ad8a28 elementor-widget-divider--view-line elementor-widget elementor-widget-divider\" data-id=\"1ad8a28\" data-element_type=\"widget\" data-widget_type=\"divider.default\">\n\t\t\t\t<div class=\"elementor-widget-container\">\n\t\t\t\t\t\t\t<div class=\"elementor-divider\">\n\t\t\t<span class=\"elementor-divider-separator\">\n\t\t\t\t\t\t<\/span>\n\t\t<\/div>\n\t\t\t\t\t\t<\/div>\n\t\t\t\t<\/div>\n\t\t\t\t<div class=\"elementor-element elementor-element-b6dc676 elementor-widget elementor-widget-text-editor\" data-id=\"b6dc676\" data-element_type=\"widget\" data-widget_type=\"text-editor.default\">\n\t\t\t\t<div class=\"elementor-widget-container\">\n\t\t\t\t\t\t\t\t\t<h3>Educaci\u00f3n<\/h3><p>DICIEMBRE 2011<\/p><h4>Licenciado en Arqueolog\u00eda \/ Universidad Tecnol\u00f3gica de El Salvador<\/h4><p>Con el tema \u201cAn\u00e1lisis de la obsidiana de los entierros 20, 31 y 32 del sitio arqueol\u00f3gico La Cuchilla,<\/p><p>Chalchuapa\u201d. Esta se puede consultar en: <a href=\"http:\/\/www.redicces.org.sv\/jspui\/bitstream\/10972\/352\/1\/55374.pdf\">http:\/\/www.redicces.org.sv\/jspui\/bitstream\/10972\/352\/1\/55374.pdf<\/a><\/p>\t\t\t\t\t\t\t\t<\/div>\n\t\t\t\t<\/div>\n\t\t\t\t\t<\/div>\n\t\t<\/div>\n\t\t\t\t\t<\/div>\n\t\t<\/section>\n\t\t\t\t<\/div>","protected":false},"excerpt":{"rendered":"<p>Perfil biogr\u00e1fico Arque\u00f3logo por la Universidad Tecnol\u00f3gica de El Salvador y maestro en Estudios Mesoamericanos por la Universidad Nacional Aut\u00f3noma de M\u00e9xico. Sus intereses acad\u00e9micos giran en torno a las industrias l\u00edticas de la Mesoam\u00e9rica prehisp\u00e1nica, con especial \u00e9nfasis en la obsidiana; y, los primeros pobladores del \u00e1rea centroamericana. Asimismo, ha incursionado en la aplicaci\u00f3n [&hellip;]<\/p>","protected":false},"author":1,"featured_media":0,"parent":0,"menu_order":0,"comment_status":"closed","ping_status":"closed","template":"","meta":{"site-sidebar-layout":"default","site-content-layout":"","ast-site-content-layout":"default","site-content-style":"default","site-sidebar-style":"default","ast-global-header-display":"","ast-banner-title-visibility":"","ast-main-header-display":"","ast-hfb-above-header-display":"","ast-hfb-below-header-display":"","ast-hfb-mobile-header-display":"","site-post-title":"","ast-breadcrumbs-content":"","ast-featured-img":"","footer-sml-layout":"","theme-transparent-header-meta":"","adv-header-id-meta":"","stick-header-meta":"","header-above-stick-meta":"","header-main-stick-meta":"","header-below-stick-meta":"","astra-migrate-meta-layouts":"set","ast-page-background-enabled":"default","ast-page-background-meta":{"desktop":{"background-color":"var(--ast-global-color-4)","background-image":"","background-repeat":"repeat","background-position":"center center","background-size":"auto","background-attachment":"scroll","background-type":"","background-media":"","overlay-type":"","overlay-color":"","overlay-opacity":"","overlay-gradient":""},"tablet":{"background-color":"","background-image":"","background-repeat":"repeat","background-position":"center center","background-size":"auto","background-attachment":"scroll","background-type":"","background-media":"","overlay-type":"","overlay-color":"","overlay-opacity":"","overlay-gradient":""},"mobile":{"background-color":"","background-image":"","background-repeat":"repeat","background-position":"center center","background-size":"auto","background-attachment":"scroll","background-type":"","background-media":"","overlay-type":"","overlay-color":"","overlay-opacity":"","overlay-gradient":""}},"ast-content-background-meta":{"desktop":{"background-color":"var(--ast-global-color-5)","background-image":"","background-repeat":"repeat","background-position":"center center","background-size":"auto","background-attachment":"scroll","background-type":"","background-media":"","overlay-type":"","overlay-color":"","overlay-opacity":"","overlay-gradient":""},"tablet":{"background-color":"var(--ast-global-color-5)","background-image":"","background-repeat":"repeat","background-position":"center center","background-size":"auto","background-attachment":"scroll","background-type":"","background-media":"","overlay-type":"","overlay-color":"","overlay-opacity":"","overlay-gradient":""},"mobile":{"background-color":"var(--ast-global-color-5)","background-image":"","background-repeat":"repeat","background-position":"center center","background-size":"auto","background-attachment":"scroll","background-type":"","background-media":"","overlay-type":"","overlay-color":"","overlay-opacity":"","overlay-gradient":""}},"footnotes":""},"class_list":["post-2357","page","type-page","status-publish","hentry"],"_links":{"self":[{"href":"https:\/\/congresocopan.iht.hn\/english\/wp-json\/wp\/v2\/pages\/2357","targetHints":{"allow":["GET"]}}],"collection":[{"href":"https:\/\/congresocopan.iht.hn\/english\/wp-json\/wp\/v2\/pages"}],"about":[{"href":"https:\/\/congresocopan.iht.hn\/english\/wp-json\/wp\/v2\/types\/page"}],"author":[{"embeddable":true,"href":"https:\/\/congresocopan.iht.hn\/english\/wp-json\/wp\/v2\/users\/1"}],"replies":[{"embeddable":true,"href":"https:\/\/congresocopan.iht.hn\/english\/wp-json\/wp\/v2\/comments?post=2357"}],"version-history":[{"count":19,"href":"https:\/\/congresocopan.iht.hn\/english\/wp-json\/wp\/v2\/pages\/2357\/revisions"}],"predecessor-version":[{"id":3507,"href":"https:\/\/congresocopan.iht.hn\/english\/wp-json\/wp\/v2\/pages\/2357\/revisions\/3507"}],"wp:attachment":[{"href":"https:\/\/congresocopan.iht.hn\/english\/wp-json\/wp\/v2\/media?parent=2357"}],"curies":[{"name":"wp","href":"https:\/\/api.w.org\/{rel}","templated":true}]}}